tors of h(9)?
8831
Let x(i) = i**2 - 10*i + 16. Let f be x(21). Suppose -2*r + f - 79 = 0. List the prime factors of (-4)/(-4)*(0 + r).
2, 3, 7
Let i(a) = 11*a**2 + 129*a + 14. List the prime factors of i(-26).
2
Suppose 76*o = 51*o + 828346 - 201696. List the prime factors of o.
2, 83, 151
Let s = -485 - -1847. Suppose s = 2*o - 2*t, -o - 5*t = -10*t - 665. What are the prime factors of o?
5, 137
Let i(a) = -31*a + 439 + 91*a - 61*a - a**2. List the prime factors of i(0).
439
Suppose -5*u + 5*f + 72525 = 0, 88*f - 72493 = -5*u + 89*f. List the prime factors of u.
7, 19, 109
Let r = 1 - 4. Let d be ((-33)/(-22))/(r/(-236)). Let h = 217 - d. List the prime factors of h.
3, 11
Let r(b) = 81*b**2 + b - 187. List the prime factors of r(-10).
7, 1129
Suppose 0 = 25*s - 14*s - 15994. Let q = s + -665. List the prime factors of q.
3, 263
Let u = 15146 - 11630. What are the prime factors of u?
2, 3, 293
Let o(b) = b**3 - 8*b**2 + 4*b - 14. Suppose -11*r + 64 = -3*r. List the prime factors of o(r).
2, 3
Let v = -96 - -88. Let o = -11 - v. List the prime factors of (52/12 + o)*123.
2, 41
Let x(y) = 164*y - 98*y - 150*y - 50. List the prime factors of x(-12).
2, 479
Suppose 2*g - 5 = 3*w, 5*w + 4*g + 5 = 6*w. What are the prime factors of (-14 + 13)*(-1)/(w/(-369))?
3, 41
Suppose -4915 = -z + 2*r, 0*z - 3*r - 4910 = -z. What are the prime factors of z?
5, 197
Suppose 0 = 2*q + 4*a + 24, -a = 4*q + 14 + 55. Let i = 14 + q. What are the prime factors of 0 - i/(-1) - -74?
2, 5, 7
Suppose -4*y + 2*a + 23320 + 33932 = 0, 0 = -5*y - a + 71572. List the prime factors of y.
2, 17, 421
Let s(l) be the third derivative of l**6/120 - l**5/12 - l**4/24 - l**2. Let g(m) = -28*m + 343. Let n be g(12). List the prime factors of s(n).
7, 13
Let b(m) = m + 151. Let w be b(27). Suppose -4*y + 2614 = -w. List the prime factors of y.
2, 349
Suppose 0*u - 20 = 2*u - 4*s, 2*s - 10 = -2*u. Suppose 3*h + 2*c - 525 = 0, -5*h + 897 = -u*c - 4*c. Suppose -5*y + 6*y = h. List the prime factors of y.
3, 59
Suppose 131*k - 60 = 136*k. What are the prime factors of 474 - (3/2)/(k/16)?
2, 7, 17
Let h(o) = 6*o**2 + 11*o + 151. List the prime factors of h(22).
3, 7, 157
Suppose 0 = 1370*o - 1242*o - 2960896. List the prime factors of o.
2, 5783
Let n be 11/((-11)/50)*(-2)/5. Suppose n*t - 8*t - 33924 = 0. Suppose -t = c - 12*c. List the prime factors of c.
257
What are the prime factors of (-1)/8*-246728 - -20?
3, 127
Let j(w) be the second derivative of 0 - 9/2*w**2 + 3/4*w**4 + 13/6*w**3 + 9*w - 1/20*w**5. What are the prime factors of j(9)?
2, 3
Let f(n) = 3248*n + 1132. List the prime factors of f(18).
2, 47, 317
Let d be (-616)/(-34) - 8/68. Suppose -15*b = -d*b + 843. What are the prime factors of b?
281
Suppose 0 = -25*o + 8 + 117. Suppose o*a = 4*b + 1975 + 2611, -b + 3673 = 4*a. List the prime factors of a.
2, 3, 17
Let r(n) = 2*n + 1. Let s(m) = 87*m + 39. Let k(i) = 5*r(i) + s(i). What are the prime factors of k(4)?
2, 3
Suppose -5*b - 64*m = -65*m - 277083, 2*m + 166240 = 3*b. What are the prime factors of b?
2, 11, 229
Suppose 6*h + 4*h - 20 = 0. Let y(l) = -103*l + 1. Let z be y(-1). Suppose -g = -3*c + g + z, 0 = -4*c - h*g + 120. What are the prime factors of c?
2
Suppose -5*r - 6 = -2*r. Let w be ((-3)/(-6)*-11)/(r/(-84)). Let i = w + 401. List the prime factors of i.
2, 5, 17
Let b(f) = -8*f**3 + 22*f**2 - 30*f - 179. What are the prime factors of b(-12)?
13, 1321
Let s = 43934 + -23537. List the prime factors of s.
3, 13, 523
Let j(d) = d**3 - 2*d**2 - 6. Let m be j(3). Suppose 0*p - 3*p = 5*s - 827, 5*p - 1367 = m*s. What are the prime factors of p?
2, 137
Let z = -213 + 51. Let o = z - -282. Suppose -2*q + o = -2*u, 119 = -5*q - 3*u + 387. What are the prime factors of q?
2, 7
Let z(w) = -w**3 - 2*w**2 + 3*w + 3. Let t be z(2). Let j(n) = -3*n - 24. Let k be j(t). What are the prime factors of 1530/24 + (k - 26/(-8))?
2
Suppose 0 = -p + 3 + 7. Let g = p + -5. Let z(k) = k**3 - 2*k**2 - 2*k. List the prime factors of z(g).
5, 13
Let s be -1 - (-7)/(35/25). Suppose -u + 360 = s*v, -v - 8*u + 79 = -5*u. What are the prime factors of v?
7, 13
Suppose 0 = -16*c - 45*c + 27145. List the prime factors of c.
5, 89
Let d(i) = -i**3 - 20*i**2 - 17*i - 15. Suppose 113 + 307 = -20*c. What are the prime factors of d(c)?
3, 29
What are the prime factors of (951/634)/(1 + 26734/(-26740))?
5, 7, 191
Suppose 3*z - c = 209844, -975*z - 2*c + 139912 = -973*z. List the prime factors of z.
2, 5, 1399
Suppose -552*x + 551*x = -2. Suppose -7*t = -3*t - 16, 0 = -3*n - x*t + 3575. What are the prime factors of n?
29, 41
Let r be 2*(9/(-2) + 4)*-2. List the prime factors of (229050/(-27))/(-10) + r/3.
3, 283
Suppose 106237 = -144*o + 330157. What are the prime factors of o?
5, 311
Let p = -7388 + 17193. List the prime factors of p.
5, 37, 53
Let f(v) = -v**2 - 5*v + 8. Let w be f(-6). Suppose 12*a = -113*a + 32*a. Suppose -w*y = -a*y - 166. What are the prime factors of y?
83
Suppose 292*f = 303*f - 76527. List the prime factors of f.
3, 773
Let p(k) = 20 + 0*k + 19 - 13*k + k**2. Let x be p(10). List the prime factors of 3/x - (-4014)/27.
149
Suppose -2*d - 114 = 4*p, -5*d - 2*p - 209 - 60 = 0. Let o be (-18)/(-27)*225/(-2). Let b = d - o. List the prime factors of b.
2, 11
Let z be (1 - 1)/(1 - 27/9). Let c(t) = -t**3 + t**2 + 2*t + 114. Let l be c(z). Suppose 0 = -5*n + l + 796. List the prime factors of n.
2, 7, 13
Suppose -4*q + 4*z = -3608, -16*z = -10*q - 19*z + 9007. List the prime factors of q.
17, 53
Suppose -4*n = 2*g - 5358, 4*n + g = 8*n - 5367. What are the prime factors of n?
3, 149
Let b = 16 + -14. Let y(o) = -4*o**3 + 2*o**2 + 6*o - 3. Let j(h) = 4*h**3 - 2*h**2 - 5*h + 3. Let w(d) = b*y(d) + 3*j(d). What are the prime factors of w(2)?
3, 7
Suppose 10*s = 6*s + 212. Let o = s - 46. Suppose 0 = -o*p + 2*p + w + 596, 5*w + 600 = 5*p. What are the prime factors of p?
7, 17
Suppose 14210 = 7*c - 44758. List the prime factors of c.
2, 3, 13
Let q(w) = w**3 - 8*w**2 - 15*w + 8. Let g(m) = -m**2 - 3*m + 7. Let d be g(-5). Let p be (d/2)/((-42)/280). What are the prime factors of q(p)?
2, 29
Let r = 253 - 248. Suppose -5*n - 4*z + 990 = 0, 0*n - r*z = 3*n - 607. List the prime factors of n.
2, 97
What are the prime factors of (5 - 8)*(-9)/(108/64888)?
2, 8111
Let x(w) = -295*w - 1069. List the prime factors of x(-9).
2, 13, 61
Let j be 2 - (-4 - -4 - 2). What are the prime factors of (-2)/j*-4 + (224 - -2)?
2, 3, 19
Let o be (4 + -4)/(-4 - -3). Let c be (2 + 16/(-4))*-1 + o. Suppose 0 = -3*a + y - 0*y + 84, -c*a + 56 = -y. What are the prime factors of a?
2, 7
Let y(r) = 402*r - 432. What are the prime factors of y(2)?
2, 3, 31
Let i be -1 - 8/(-6) - (-116766)/351. Let b = -318 + i. List the prime factors of b.
3, 5
Let z = -5573 + 7725. What are the prime factors of z?
2, 269
Suppose 2*j = 4*d + 4 - 12, 0 = -3*j + 4*d - 4. Let x be (-3)/(-12)*j + 2. Suppose x*o - 2*f = 47, 10 = -o - 4*f + 49. List the prime factors of o.
19
Let u be 3/(-12) - (-18)/8. Suppose 3*a + 5 = 3*d - 1, -a = u*d - 16. Suppose -3*t - 276 = -d*t. What are the prime factors of t?
2, 23
Let i = 19654 - -23524. What are the prime factors of i?
2, 21589
Suppose 4*s + 1387 = -l, -5*l - 4 = 11. Let a = -213 + -17. Let h = a - s. What are the prime factors of h?
2, 29
Suppose 3*z - 1465 = 2*z. Let w = -885 + z. List the prime factors of w.
2, 5, 29
Let i be 1 + -9*(-51)/9. Suppose -i*f = -57*f + 590. What are the prime factors of f?
2, 59
Let h be ((-4)/(4/(-3)))/(3/2). Let u(s) = 8 - 72*s - 4*s**2 + 68*s + 5*s**h. What are the prime factors of u(-8)?
2, 13
Let v(r) = 2*r**3 - 13*r**2 - 8*r + 152. What are the prime factors of v(23)?
5, 17, 41
Suppose -3*r + y = -4*y - 199, 2*r = 4*y + 136. Let n(d) = -d**2 - 10*d + 7. Let w be n(-5). Let o = r - w. What are the prime factors of o?
2, 13
List the prime factors of (168/1176)/((-2)/(-76286)).
5449
Suppose 18*o - 23*o + 20 = 0. Suppose m + 35 = -o*j, m - 4*m = 4*j + 33. List the prime factors of (4 - 105/j)*3.
47
Let o = 2435 - 1378. What are the prime factors of o?
7, 151
Suppose -4*d + 2*r = -18592, 62*r - 57*r = 2*d - 9280. List the prime factors of d.
2, 3, 5, 31
Let h(c) = -c**2 + 10*c. Suppose u - m = 4 + 4, 26 = 3*u - 2*m. Let d be h(u). Suppose -2*v + 4*r 